 + 2119. Let g(b) = -b**2 - 28*b + 27. Give g(s).
27
Suppose w + 19 + 20 = 0. Let d = -37 - w. Suppose -4*m - d*r = 14, -r = -4*r + 9. Let p(v) = 2*v + 6. Determine p(m).
-4
Let k(d) = 8*d**3 + 2*d**2 - 2*d + 1. Let q(b) = -15*b - 162. Let h be q(-11). Suppose -h*y + 3*t = 12, 13*y + 21 = 9*y + 5*t. Give k(y).
9
Let s = 7 - -30. Let h = s + -33. Let p(x) = 3*x**3 - 5*x**2 + 3*x. Let z(c) = -7*c**3 + 10*c**2 - 6*c - 1. Let a(v) = -5*p(v) - 2*z(v). Calculate a(h).
6
Let i(o) = -2*o + 2. Suppose 4*a - 3*x = 1448, 2*x = 9*a - 7*a - 726. Suppose -a = 7*p - 394. Calculate i(p).
-8
Let r(w) = 3 + 0 + w - 2*w. Let c(d) = -7*d**3 + d**2 + 2*d - 2. Let a be c(1). Let t be r(a). Let q(i) = -i + 12. Calculate q(t).
3
Let d be (26 + 0 + 8)*(-3)/6. Let s(w) = -2*w**2 - 32*w + 22. Give s(d).
-12
Suppose -5*z = -a - 97 - 63, 160 = 5*z - 2*a. Let r(j) = -z*j**2 - 6 + 10*j + 7 - 6*j + 33*j**2. What is r(-6)?
13
Let q(a) = 14*a + 523. Let c(u) = -27*u - 965. Let v(j) = -3*c(j) - 5*q(j). Determine v(-25).
5
Suppose 10*g + 54 = -466. Let d(h) = -h**3 - 5*h**2 - h + 7. Let u be d(-6). Let w = g + u. Let l(s) = s**2 + 5*s + 1. Calculate l(w).
-5
Let o(h) = -5*h**3 + 3*h**2 - 18*h - 27. Let k(s) = 7*s**3 - 3*s**2 + 22*s + 31. Let w(m) = -3*k(m) - 4*o(m). What is w(-4)?
7
Let o be (1/3 - (-30)/(-9)) + 5. Let y be ((-21)/(-14))/(o/4). Let k(g) = g**2 - y*g - 2*g - g + g + 7. Give k(5).
7
Let w(a) be the third derivative of -7*a**4/24 - 2*a**3/3 + 25*a**2 + 1. Let c(b) = -2*b**3 + 53*b**2 + 30*b - 77. Let t be c(27). What is w(t)?
-32
Suppose 16*v - 2 - 78 = 0. Let i(h) = 5*h**3 - h + h**2 + v*h**3 - 20*h**3. Determine i(1).
-10
Let h(p) = 154*p - 316*p + 95*p + 234 - p**2 + 108*p. Give h(-5).
4
Let t(m) = 175*m**2 - 19*m - 3. Let u(b) = 146*b**2 - 19*b - 2. Let f(d) = 5*t(d) - 6*u(d). What is f(17)?
31
Let f = -145070 + 145072. Let a(t) = 2*t**3 + 4*t**2 - 2*t + 6. Let m(r) = 5*r**3 + 8*r**2 - 4*r + 13. Let d(u) = 7*a(u) - 3*m(u). Give d(f).
7
Let h(s) = s**2 + 10*s - 3. Let g = 567 + -542. Suppose -232*j + 227*j = g. Determine h(j).
-28
Let p(v) = 18*v - 96 + 19*v - 47*v. What is p(-9)?
-6
Let v(d) = -d + 2 - 5 + d**2 + 10*d + 2. Let k be 9 - (10 + (-15)/3). Suppose -28 = 4*q + 4*l, 28 = -0*q - k*q + 4*l. Determine v(q).
-15
Let z = -238 - -384. Suppose z*x - 18 = 152*x. Let r(l) be the first derivative of -l**3/3 - 5*l**2/2 - 3*l + 1. Calculate r(x).
3
Let q(g) be the third derivative of g**7/840 + g**6/72 - g**5/120 - 5*g**4/24 - 59*g**3/6 - 75*g**2. Let o(t) be the first derivative of q(t). What is o(-5)?
0
Let a(l) = -487*l - 973. Let m be a(-2). Let j(h) = -4*h**3 - h**2 + 2*h - 2. Determine j(m).
-5
Let y(w) = -2*w + 13*w - w + 61 + 2*w - 48. What is y(4)?
61
Let t be 0 + -1*(4 + -3). Let c(q) be the second derivative of -1/6*q**3 - q**4 - 9*q + 0 + 0*q**2. Give c(t).
-11
Suppose 37 - 121 = -28*r. Let c(k) = k**2 + k + 1. Let o(z) = -3*z**2 + 4*z - 4. Let t(x) = 2*c(x) + o(x). Calculate t(r).
7
Let s(l) = l**2 + 6*l + 3. Suppose 341*y + 27 = -j + 344*y, -4*y + 51 = -3*j. Give s(j).
30
Let s(t) = -t**2 - 9*t + 5. Let v be s(-9). Let c(k) = v*k + 4*k - 4 - 5*k - 3*k. Let o = -37 + 42. Calculate c(o).
1
Let a(u) = 6*u**2 + 14935*u + 1 - 7470*u - 7466*u. Let b = 10 - 6. Suppose w = -5*k + 9, 0 = b*w - 8 - 8. What is a(k)?
6
Let x(k) = k**3 + 27*k**2 - 30*k - 53. Let p be x(-28). Let o be ((-1)/3)/(1/p). Let z(r) = 7*r**3 + r. Give z(o).
-8
Let x(u) = -u**3 + u**2 - 2*u + 1. Let w(c) = 6*c**3 - 22*c**2 - 6*c - 3. Let m be w(4). Suppose -m*l + 71 - 66 = 0. Give x(l).
-1
Suppose 0 = 5*k + 3*f - 80, -k + 64 = 3*k + 5*f. Let s = 32 - k. Let p = s - 15. Let o(b) = 6*b**2. Determine o(p).
6
Suppose -2*m + 8 = 4. Suppose r - m*j = -3*j, 2*j + 12 = 4*r. Suppose -3*l - 5 = 10, -l = -r*y + 3. Let a(v) = 5*v**3 - 2*v - 1. What is a(y)?
-4
Suppose -38*q - 48 - 165 = -23. Let o(n) = 2*n**3 + 11*n**2 - 15. Determine o(q).
10
Let i(f) = -80*f - 1103 + 392 - 1219 + 325. Calculate i(-20).
-5
Let k(o) be the first derivative of 2*o**3/3 + o**2/2 + o + 27. Let d be k(-1). Suppose -d*b - 4 = 2*b. Let x(u) = -4*u**2 - u - 1. Calculate x(b).
-4
Suppose 0*i = 4*i. Suppose 28 = 47*g - 43*g. Let k(l) = -2*l - l**2 + 2*l - g + 0*l - 2. What is k(i)?
-9
Suppose -t - 5*x - 13 = 0, -3*x = 3*t + 2 + 1. Suppose 25*v + 18 = 34*v. Let u(l) = 8 - 7*l - 3*l**2 - 6*l**t + 10*l**2 - v. Determine u(5).
-4
Let j(l) be the second derivative of -l**5/10 + l**4/2 + 5*l**3/6 - 10*l**2 - 136*l. Calculate j(2).
-2
Let x be -2 - (-20)/9 - (-128)/72. Suppose x*y - 4*f = -30, 5*y = 3*y + 2*f - 32. Let c be y*(-2)/6 + (-26)/39. Let r(z) = -2*z + 5. Give r(c).
-5
Let y(v) be the first derivative of -v**2 + 4*v + 1711. What is y(-9)?
22
Let c(v) = 18*v + 236. Let h be c(-13). Let d(f) = -4*f**3 + 2*f**2 + 4*f - 5. What is d(h)?
-21
Let n be (4 - -5)/(2/(-2)). Let h(o) = -3*o - 5. Let g(s) = 13*s + 21. Let m(x) = 2*g(x) + 9*h(x). Give m(n).
6
Let y(m) be the third derivative of 0*m - 4/3*m**3 + 102 - 1/8*m**4 - m**2. What is y(0)?
-8
Let j(p) be the first derivative of -p**3 - p + 3/2*p**2 + 1/4*p**4 + 13. Suppose 124*h - 121*h - 6 = 0. What is j(h)?
1
Let a(b) = 7*b + 29. Let m(v) be the second derivative of v**3/6 + 5*v**2/2 - 25*v - 5. Let d(w) = -a(w) + 5*m(w). Give d(-4).
4
Let d be (2 + -1 - 0)/1. Suppose 143*n - 147*n = -8. Let q(o) = -n*o**2 + 11*o - 5*o + 4*o**3 - 4*o + o**2 - 1. Give q(d).
4
Let l(c) = -15*c**2 - 5*c + 1. Let i(d) = 14*d**2 + d + 1. Let h(y) = -i(y) - l(y). Calculate h(-11).
75
Let y be (0 - (-4 - -2))*(0 - -2). Let j(p) = -y - 7*p - 6*p + 1 + 12*p. Let w be -5 - -1*(-1 - -1). Determine j(w).
2
Let h(y) be the third derivative of -y**5/30 - 25*y**4/24 - 27*y**3/2 - 22*y**2 + 7*y. What is h(-6)?
-3
Suppose 19*d - 29*d = -90. Suppose d*w = 8*w - t - 3, -5*w - 15 = 4*t. Let z(m) = m - 6. Determine z(w).
-9
Suppose 28 = a - 3*v, -a + 129 = 3*a + 5*v. Let z(f) = -11*f**2 - a*f**2 - 3*f + 7*f - 1 - 2*f. Calculate z(1).
-41
Suppose 0 = -5*a + 5 + 15, 0 = -5*p + 3*a - 37. Let s(t) = -t**3 - 6*t**2 - 7*t - 7. Determine s(p).
3
Let q(a) be the first derivative of a**3/3 - 19*a**2 - a + 1139. Give q(38).
-1
Let i(f) = 63*f + 58*f + 166*f - 26 - 283*f. Determine i(4).
-10
Let c = 123 + -105. Let s be (-3 - -1) + -16 + c. Let l(h) = 2*h - 23. Let b(k) = -3*k + 35. Let u(d) = -5*b(d) - 8*l(d). Calculate u(s).
9
Let v(f) = 236*f + 4098. Let m(q) = 39*q + 684. Let w(k) = 23*m(k) - 4*v(k). Give w(-14).
-2
Let v(b) = -97 + 103*b + 25 - 89 - 80*b. Determine v(7).
0
Let a = 369 + -368. Let x(v) = 7*v + 5. Let b(y) = y + 1. Let r(f) = a*x(f) - 4*b(f). Give r(-6).
-17
Let k(b) = 7*b - 9. Suppose 4*s + 2*l + 0 + 16 = 0, s = 4*l - 22. Determine k(s).
-51
Let r(p) = 71 + 73 + 13*p + 106 - 182. Give r(-5).
3
Let a(g) = 44*g + 2. Let y be a(0). Let u(z) = z**y + 122*z**3 + 17 - 121*z**3 - 9. Calculate u(0).
8
Let a(l) = -l**3 - 3*l**2 + 5*l + 2. Let n(m) = m**3 - m**2 - 7*m + 4. Let b be n(6). Let v be 2/2*b/6*3. Let o = v - 75. What is a(o)?
-2
Let z = 559 + -509. Let l(v) = 7*v - v**3 + 8 - 42*v**2 + 0*v**3 + z*v**2. Determine l(9).
-10
Let q(a) = -a**3 - 5*a**2 - 4*a + 7. Let c be 532/(-228)*12/7. Give q(c).
7
Let g = -126 - -517. Let l = -386 + g. Let s(q) = -q**2 + 3*q + 5. Calculate s(l).
-5
Let a be 110/40 + 15/12. Let d(m) = -a*m**2 - 7*m**3 + 2 + 6*m**3 - 2*m**2 + 6*m**3 - 3*m + 4*m**2. What is d(2)?
28
Suppose -62 = -p - 4*d, 52*d = 5*p + 48*d - 286. Let s = 57 - p. Let g(r) = -10*r**3 - 2*r - 1. Give g(s).
11
Let y(f) = -2*f - 14. Let g be y(-10). Suppose -2*p + 5*p - g = 0. Let n(w) = 9 - 27*w**2 + 48*w**2 + 8*w - 20*w**2 - p. Calculate n(-7).
0
Let b(p) = -8*p - 6. Let m(u) = -u**2 + 9*u - 24. Suppose -21*s + 20*s = -5. Let l be m(s). Determine b(l).
26
Let w(m) = -m**2 + 22*m - 37. Let u be -711 - -739 - (-1 + 9). Determine w(u).
3
Let d(o) be the third derivative of o**4/6 - 31*o**3/6 + 70*o**2. Let r be d(9). Let h(s) be the second derivative of -s**4/12 + s**3 + 2*s**2 - 2*s. Give h(r).
9
Let a(k) = -2046 - 2041 + 6138 - k**2 - 2037. Let i(p) = p**3 + 7*p**2 - p - 7. Suppose 5*x - 20 = 0, 0 = -q + 5*x - 0 - 27. Let c be i(q). Give a(c).
14
Let l = -434 + 440. Let b(m) = m - 2*m - 55 + 58. What is b(l)?
-3
Let x(v) = -2*v**2 + v + 1. Let m(d) = -2*d**2 + d + 1. Let h(a) = -4*m(a) + 3*x(a). Let g =